01100001101 (base 2) to base 13.
1398
What is -1300023 (base 4) in base 10?
-7179
Convert 201020 (base 3) to base 7.
1341
What is 2a2 (base 13) in base 10?
470
What is 13403 (base 5) in base 16?
44f
-110011001100 (base 2) to base 16
-ccc
75b (base 15) to base 10
1661
Convert -111100101111011 (base 2) to base 11.
-21402
What is 14204 (base 7) in base 10?
3875
Convert 4043 (base 6) to base 12.
623
Convert -25111 (base 8) to base 10.
-10825
-30021013 (base 4) to base 8
-141107
-282 (base 13) to base 16
-1bc
Convert -b82a (base 13) to base 12.
-12957
What is -33013 (base 7) in base 14?
-300a
Convert -11555 (base 6) to base 16.
-6bf
2210100 (base 3) to base 15
909
What is -3a17 (base 13) in base 9?
-12343
Convert 466 (base 7) to base 15.
114
-863 (base 9) to base 2
-1011000001
What is 104042 (base 5) in base 12?
213b
1672 (base 12) to base 3
10200012
Convert -1156 (base 12) to base 2.
-11110010010
What is -710 (base 9) in base 11?
-484
Convert -1add (base 15) to base 16.
-16c9
What is 222100010 (base 3) in base 15?
5a50
What is -1092 (base 12) in base 5?
-24323
Convert -373 (base 10) to base 5.
-2443
Convert 2b6 (base 13) to base 5.
3422
Convert -419c (base 14) to base 9.
-16456
What is 223144 (base 6) in base 5?
1100411
Convert -93d (base 16) to base 5.
-33430
Convert 12125 (base 6) to base 7.
5123
Convert 572 (base 9) to base 7.
1241
What is d45 (base 14) in base 3?
10120122
What is 12023 (base 4) in base 12?
28b
-501 (base 8) to base 7
-636
Convert -4022 (base 5) to base 12.
-368
-470 (base 10) to base 12
-332
What is -151 (base 8) in base 9?
-126
What is 1507 (base 13) in base 5?
44144
Convert 52664 (base 7) to base 15.
3cdb
What is 13314 (base 14) in base 7?
254524
19507 (base 10) to base 5
1111012
What is 10111000111011 (base 2) in base 7?
46335
What is 1330c (base 13) in base 12?
18787
Convert -341 (base 7) to base 13.
-107
-5120 (base 7) to base 13
-a6a
What is 6fc (base 16) in base 11?
1386
111002111 (base 3) to base 4
2111020
What is -ae6 (base 16) in base 6?
-20530
Convert 1302 (base 4) to base 7.
222
Convert -2699 (base 16) to base 2.
-10011010011001
Convert 2220 (base 6) to base 16.
204
22030 (base 9) to base 11
aa7a
601 (base 7) to base 3
101221
What is 112221 (base 3) in base 7?
1114
What is -2587 (base 11) in base 3?
-11121112
3142122 (base 5) to base 8
147063
Convert -583 (base 13) to base 14.
-4c0
Convert 1769 (base 16) to base 4.
1131221
-103 (base 16) to base 11
-216
Convert -323334 (base 5) to base 4.
-2231112
What is 2443 (base 5) in base 15?
19d
Convert 9b79 (base 12) to base 8.
41515
What is -22100231 (base 4) in base 14?
-11461
Convert -100000111000010 (base 2) to base 10.
-16834
What is -61b (base 13) in base 11?
-864
What is -342 (base 11) in base 12?
-2a1
What is 1121244 (base 5) in base 9?
30633
What is 708 (base 10) in base 9?
866
-3022 (base 7) to base 6
-4501
What is 4273 (base 8) in base 6?
14203
Convert -7226 (base 16) to base 4.
-13020212
What is -2b1 (base 14) in base 11?
-458
Convert -3565 (base 12) to base 10.
-5981
What is -615 (base 8) in base 4?
-12031
11c6c (base 13) to base 2
1000000001101100
What is 35037 (base 8) in base 7?
61244
Convert -150264 (base 8) to base 5.
-3202203
What is -197d (base 14) in base 8?
-11013
What is -1c33 (base 15) in base 4?
-1133223
Convert -168 (base 12) to base 13.
-143
Convert -1021314 (base 5) to base 12.
-9a78
Convert -1087 (base 16) to base 9.
-5721
What is 3113 (base 11) in base 7?
15015
-26180 (base 10) to base 12
-13198
-216 (base 11) to base 5
-2014
1112121 (base 3) to base 10
1123
Convert -7b5 (base 16) to base 10.
-1973
Convert -20353 (base 9) to base 7.
-54051
What is -1b74 (base 12) in base 3?
-11122221
What is 16b (base 14) in base 8?
443
What is 1333 (base 6) in base 4?
11121
What is -3070 (base 13) in base 9?
-10144
-111004 (base 7) to base 3
-222211021
Convert -6782 (base 10) to base 14.
-2686
-1201221 (base 5) to base 13
-a070
Convert -23d3 (base 15) to base 14.
-2ac7
111210 (base 3) to base 2
101110100
What is 32a8 (base 15) in base 16?
29ed
What is -772 (base 14) in base 2?
-10111000000
What is 333330 (base 4) in base 10?
4092
Convert -772 (base 8) to base 6.
-2202
-14322 (base 5) to base 13
-723
What is -4771 (base 11) in base 6?
-44533
What is -200002 (base 4) in base 10?
-2050
Convert 1323312 (base 4) to base 14.
2c62
-3254 (base 12) to base 11
-4183
Convert 3cd (base 15) to base 13.
51a
What is -814 (base 14) in base 11?
-1212
Convert 200524 (base 7) to base 14.
c4bb
What is 901 (base 15) in base 14?
a4a
What is -27320 (base 9) in base 15?
-5726
What is -35377 (base 8) in base 12?
-88a7
Convert -301211 (base 5) to base 14.
-36a8
What is a773 (base 12) in base 7?
104400
What is -231 (base 8) in base 3?
-12200
Convert 21444 (base 7) to base 12.
3139
Convert -435 (base 12) to base 15.
-2b2
4443 (base 8) to base 2
100100100011
Convert -40413 (base 8) to base 2.
-100000100001011
Convert 64a (base 16) to base 10.
1610
What is -6701 (base 8) in base 4?
-313001
2011320 (base 4) to base 8
20570
-461 (base 7) to base 6
-1035
What is 177 (base 11) in base 7?
412
Convert b48c (base 14) to base 5.
1443332
110011001111111 (base 2) to base 16
667f
Convert 15725 (base 8) to base 2.
1101111010101
-3143 (base 10) to base 12
-199b
163 (base 7) to base 16
5e
-2ce (base 16) to base 15
-32d
-d3e (base 16) to base 8
-6476
Convert 3232 (base 5) to base 4.
12322
What is 1557 (base 8) in base 6?
4023
15142 (base 7) to base 11
3174
32 (base 14) to base 2
101100
Convert -11025 (base 6) to base 12.
-a75
Convert -200 (base 5) to base 7.
-101
What is -140a (base 11) in base 15?
-81a
Convert -4045 (base 13) to base 3.
-110010121
-14402 (base 8) to base 9
-8703
What is 101101111 (base 2) in base 14?
1c3
What is -123152 (base 8) in base 15?
-c952
Convert -11001000000101 (base 2) to base 10.
-12805
532 (base 8) to base 11
295
What is -3acc (base 16) in base 4?
-3223030
Convert 12403 (base 6) to base 3.
2120110
What is -32361 (base 7) in base 14?
-2d31
What is 118 (base 16) in base 4?
10120
What is -2fda (base 16) in base 10?
-12250
Convert 13e2 (base 16) to base 12.
2b42
What is 24bb (base 15) in base 12?
4642
Convert -a7a7 (base 11) to base 3.
-201120200
What is -2fd (base 16) in base 5?
-11030
What is 420 (base 8) in base 9?
332
What is -10418 (base 11) in base 4?
-3230220
-100121001 (base 3) to base 6
-52214
What is -8636 (base 10) in base 3?
-102211212
Convert -2010011 (base 3) to base 8.
-3007
15a9 (base 12) to base 7
10341
What is 986 (base 16) in base 11?
1917
Convert 21511 (base 10) to base 6.
243331
Convert -3b1c (base 13) to base 14.
-3135
10123223 (base 4) to base 11
12705
What is 1785 (base 11) in base 4?
203133
-854 (base 15) to base 5
-30004
What is 311a (base 12) in base 16?
14e6
Convert 525 (base 8) to base 11.
290
100011010011 (base 2) to base 9
3080
-60378 (base 9) to base 13
-150a4
What is b71 (base 12) in base 13?
9b5
-2112 (base 6) to base 5
-3401
What is -221100 (base 3) in base 16?
-2ac
What is -3247 (base 10) in base 16?
-caf
What is -11110111010 (base 2) in base 13?
-b92
Convert 67632 (base 8) to base 3.
1110012011
3015 (base 6) to base 2
1010010011
Convert -10333 (base 4) to base 11.
-270
What is -1100000 (base 2) in base 15?
-66
Convert 1111010001 (base 2) to base 16.
3d1
1302 (base 5) to base 9
244
What is 9d7 (base 14) in base 10?
1953
-1232233 (base 4) to base 13
-32c2
What is 6155 (base 16) in base 10?
24917
What is 1336 (base 8) in base 3?
1000012
What is 10110000011 (base 2) in base 9?
1837
5954 (base 12) to base 6
114144
Convert 367 (base 14) to base 10.
679
What is 55155 (base 9) in base 4?
20323211
-11242 (base 5) to base 14
-42a
What is 2030 (base 8) in base 10?
1048
What is 962 (base 13) in base 3?
2012022
-8dd8 (base 16) to base 8
-106730
What is 69 (base 14) in base 5?
333
Convert -11332 (base 4) to base 13.
-235
10405 (base 6) to base 16
5a5
What is -1122120 (base 3) in base 5?
-14303
What is -56a1 (base 13) in base 12?
-702a
What is 2114 (base 6) in base 3?
122201
What is -363 (base 9) in base 14?
-176
What is -12b8 (base 15) in base 12?
-2392
313 (base 10) to base 16
139
Convert 953c (base 13) to base 6.
235405
What is 101001110100111 (base 2) in base 4?
11032213
Convert -9142 (base 14) to base 4.
-12011312
What is 121433 (base 5) in base 12